ded by 15?
8
Calculate the remainder when 527625 is divided by 105525.
0
What is the remainder when 363381 is divided by 9?
6
What is the remainder when 7026 is divided by 3168?
690
What is the remainder when 636454 is divided by 106073?
16
Calculate the remainder when 55028 is divided by 83.
82
What is the remainder when 478 is divided by 443?
35
What is the remainder when 9525 is divided by 319?
274
What is the remainder when 5239 is divided by 123?
73
What is the remainder when 284433 is divided by 165?
138
Calculate the remainder when 9892 is divided by 35.
22
What is the remainder when 7751 is divided by 235?
231
Calculate the remainder when 2599 is divided by 857.
28
What is the remainder when 4678 is divided by 297?
223
What is the remainder when 2844524 is divided by 33?
23
What is the remainder when 25410475 is divided by 364?
363
Calculate the remainder when 35023 is divided by 1296.
31
What is the remainder when 33772 is divided by 786?
760
What is the remainder when 9610 is divided by 2398?
18
What is the remainder when 10770 is divided by 2689?
14
What is the remainder when 242469 is divided by 60617?
1
Calculate the remainder when 38553 is divided by 88.
9
What is the remainder when 5941 is divided by 254?
99
What is the remainder when 12972 is divided by 1179?
3
Calculate the remainder when 1881 is divided by 14.
5
What is the remainder when 49563 is divided by 16521?
0
Calculate the remainder when 5563349 is divided by 45.
44
Calculate the remainder when 32164 is divided by 24.
4
What is the remainder when 535658 is divided by 267815?
28
What is the remainder when 619 is divided by 254?
111
Calculate the remainder when 51390 is divided by 200.
190
Calculate the remainder when 77579 is divided by 56.
19
What is the remainder when 11746 is divided by 2892?
178
Calculate the remainder when 19527 is divided by 176.
167
Calculate the remainder when 387522 is divided by 55360.
2
What is the remainder when 41650 is divided by 1312?
978
What is the remainder when 10614 is divided by 504?
30
What is the remainder when 23325 is divided by 144?
141
What is the remainder when 1267 is divided by 1008?
259
Calculate the remainder when 81058 is divided by 2531.
66
What is the remainder when 16481 is divided by 134?
133
Calculate the remainder when 39219 is divided by 1866.
33
Calculate the remainder when 54701 is divided by 27350.
1
What is the remainder when 503124 is divided by 875?
874
Calculate the remainder when 850931 is divided by 8425.
6
Calculate the remainder when 6591 is divided by 30.
21
Calculate the remainder when 73104 is divided by 12176.
48
What is the remainder when 2550 is divided by 654?
588
What is the remainder when 1423 is divided by 29?
2
What is the remainder when 12818 is divided by 535?
513
Calculate the remainder when 1243508 is divided by 98.
84
Calculate the remainder when 364079 is divided by 328.
327
What is the remainder when 3413 is divided by 403?
189
Calculate the remainder when 131688 is divided by 1291.
6
Calculate the remainder when 633636 is divided by 124.
120
Calculate the remainder when 55987 is divided by 94.
57
What is the remainder when 273613 is divided by 184?
5
Calculate the remainder when 72473 is divided by 525.
23
What is the remainder when 373343 is divided by 260?
243
What is the remainder when 1237 is divided by 309?
1
Calculate the remainder when 826583 is divided by 119.
9
What is the remainder when 1615181 is divided by 3167?
11
What is the remainder when 157829 is divided by 10?
9
Calculate the remainder when 20902 is divided by 474.
46
What is the remainder when 8030 is divided by 335?
325
Calculate the remainder when 12 is divided by 12.
0
What is the remainder when 10736 is divided by 173?
10
What is the remainder when 1675 is divided by 147?
58
What is the remainder when 135661 is divided by 45219?
4
Calculate the remainder when 174473 is divided by 721.
712
What is the remainder when 3741 is divided by 562?
369
Calculate the remainder when 19592 is divided by 19359.
233
Calculate the remainder when 11902 is divided by 566.
16
Calculate the remainder when 98470 is divided by 430.
0
What is the remainder when 1117 is divided by 627?
490
Calculate the remainder when 92413 is divided by 128.
125
Calculate the remainder when 255640 is divided by 117.
112
Calculate the remainder when 7049 is divided by 102.
11
Calculate the remainder when 24723 is divided by 331.
229
Calculate the remainder when 25934 is divided by 18.
14
Calculate the remainder when 8897 is divided by 43.
39
What is the remainder when 1534 is divided by 101?
19
Calculate the remainder when 12341 is divided by 4098.
47
Calculate the remainder when 60017 is divided by 422.
93
Calculate the remainder when 22012 is divided by 41.
36
Calculate the remainder when 40804 is divided by 40.
4
What is the remainder when 2013 is divided by 196?
53
Calculate the remainder when 603 is divided by 7.
1
What is the remainder when 529 is divided by 38?
35
What is the remainder when 362347 is divided by 127?
16
What is the remainder when 824 is divided by 28?
12
What is the remainder when 1707 is divided by 836?
35
Calculate the remainder when 12355 is divided by 294.
7
What is the remainder when 193367 is divided by 64445?
32
What is the remainder when 10737 is divided by 58?
7
Calculate the remainder when 345926 is divided by 67.
5
What is the remainder when 2885 is divided by 421?
359
Calculate the remainder when 113169 is divided by 96.
81
Calculate the remainder when 10843 is divided by 187.
184
Calculate the remainder when 4814 is divided by 2281.
252
What is the remainder when 7943 is divided by 66?
23
Calculate the remainder when 183099 is divided by 6539.
7
Calculate the remainder when 10683 is divided by 976.
923
Calculate the remainder when 1549 is divided by 372.
61
Calculate the remainder when 1029 is divided by 503.
23
What is the remainder when 2505 is divided by 228?
225
What is the remainder when 8309 is divided by 2758?
35
What is the remainder when 877 is divided by 62?
9
Calculate the remainder when 2929 is divided by 1448.
33
Calculate the remainder when 827 is divided by 79.
37
Calculate the remainder when 37821 is divided by 525.
21
What is the remainder when 15177 is divided by 434?
421
Calculate the remainder when 2375 is divided by 529.
259
What is the remainder when 229859 is divided by 31?
25
What is the remainder when 870226 is divided by 121?
115
What is the remainder when 112322 is divided by 135?
2
What is the remainder when 7587 is divided by 117?
99
Calculate the remainder when 60767 is divided by 7593.
23
Calculate the remainder when 87976 is divided by 846.
838
What is the remainder when 124669 is divided by 41545?
34
What is the remainder when 171142 is divided by 3291?
10
What is the remainder when 439216 is divided by 87843?
1
What is the remainder when 7785 is divided by 36?
9
What is the remainder when 335071 is divided by 3723?
1
Calculate the remainder when 70244 is divided by 199.
196
Calculate the remainder when 3262 is divided by 1628.
6
What is the remainder when 1689 is divided by 1661?
28
What is the remainder when 8577 is divided by 145?
22
What is the remainder when 38723 is divided by 21?
20
Calculate the remainder when 2952 is divided by 51.
45
Calculate the remainder when 2322 is divided by 129.
0
What is the remainder when 7571 is divided by 399?
389
Calculate the remainder when 7415 is divided by 409.
53
What is the remainder when 24289 is divided by 5571?
2005
Calculate the remainder when 853 is divided by 87.
70
Calculate the remainder when 1546 is divided by 194.
188
Calculate the remainder when 25761 is divided by 507.
411
What is the remainder when 108984 is divided by 879?
867
Calculate the remainder when 6052 is divided by 5279.
773
What is the remainder when 11663 is divided by 5826?
11
Calculate the remainder when 212918 is divided by 5603.
4
Calculate the remainder when 1968 is divided by 5.
3
Calculate the remainder when 449003 is divided by 31.
30
What is the remainder when 34581 is divided by 34570?
11
Calculate the remainder when 1784 is divided by 955.
829
What is the remainder when 7192 is divided by 413?
171
What is the remainder when 2105 is divided by 394?
1